n = -18 - -29. Calculate the remainder when (-1 + 0)*(-126)/3 is divided by n.
9
Suppose -q = -0 - 9. Suppose s = -s - 4, -3*s + q = 5*f. What is the remainder when 7 is divided by f?
1
Let w = 101 - 80. Calculate the remainder when w is divided by 15.
6
Suppose 37*m + 68 = 41*m. Calculate the remainder when 30 is divided by m.
13
Let s = -6 + 2. Let y(o) = -o**3 + 5*o**2 - 3*o - 4. Calculate the remainder when y(3) is divided by (2 - 10/4)*s.
1
Let b(r) = r**3 + 14*r**2 - 4*r - 11. Let q be (-2)/(-4)*(-29 + 1). Calculate the remainder when b(q) is divided by 16.
13
Let c(t) = 10*t**2 - 3*t + 1. Suppose 6 = 2*h + 2. Suppose h*j = 5*j - 36. Calculate the remainder when c(2) is divided by j.
11
Suppose -102 = -3*j - 3*d + 6*d, 0 = -5*d + 20. What is the remainder when j is divided by (-80)/(-6)*21/14?
18
Let k = -45 - -79. What is the remainder when 134 is divided by k?
32
Let s = -43 - -89. What is the remainder when s is divided by 26?
20
Suppose -3*o = -3*q + 45, 3*q - 6*q = 2*o - 20. What is the remainder when 19 is divided by q?
9
Let j(l) = l**2 - l + 6. Let a be j(0). Suppose a - 3 = d. Suppose -2*r + 4*t + 46 = t, r + d*t - 5 = 0. Calculate the remainder when r is divided by 6.
5
Suppose 0*v + 8 = -x - 2*v, -v = 5. Suppose x*l - 6*l + 3*o = -148, 2*o = 2*l - 74. Let u = l - 20. Calculate the remainder when 50 is divided by u.
16
Let j = 14 + -10. Suppose -5*n + 22 = -j*n. What is the remainder when 43 is divided by n?
21
Let h = 68 + -25. Calculate the remainder when h is divided by 3*5*-1*-1.
13
Suppose -y = 2*y + 3, -4*y + 344 = 4*h. What is the remainder when h is divided by 22?
21
Let k be 34/6 - 4/6. Suppose -4*i + k + 3 = 0. Suppose -4*q = -5*q + 2. What is the remainder when i is divided by q?
0
Suppose k + 111 = 4*j, -2*k + 59 = 4*j - 55. Calculate the remainder when j is divided by 5.
3
Suppose -b + 20 = -6*b. Let a = 1 - b. Suppose -4*q = a*c - 71, -2*q = -2*c - 32 - 8. Calculate the remainder when q is divided by 7.
5
Suppose 3*u - 3 = r + 2*u, 0 = -2*r + 3*u - 9. Let i be (15/4)/(-1)*4. Let v = r - i. What is the remainder when 43 is divided by v?
13
Let d = 35 - 9. Calculate the remainder when d is divided by 10.
6
Suppose -2*i + 165 = 3*i. Suppose 4*u + i = 3*l, -3*l + 55 = 2*l - 5*u. Calculate the remainder when 30 is divided by l.
8
Let k(r) = -1 + 1 - 5*r - r**2 + 4. What is the remainder when 15 is divided by k(-5)?
3
Let f(w) = -w**3 + 3*w**2 + 6*w - 2. Calculate the remainder when f(4) is divided by 2.
0
Let v be (4/10)/(2/(-160)). Let a = 48 + v. Calculate the remainder when (63 + -1)*(-2)/(-4) is divided by a.
15
What is the remainder when 24 is divided by (-27 - -1)*(-2)/4?
11
Let v = 1 - 12. Let u = v + 5. Let a(y) = -y - 2. What is the remainder when 5 is divided by a(u)?
1
Suppose 2*z + t - 19 = 0, -5*z + 44 = 3*t - 4*t. Calculate the remainder when ((-32)/2)/((-4)/6) is divided by z.
6
Let a(p) = -2*p - 11. Let h be a(-9). Let k = 15 + h. Calculate the remainder when k is divided by ((-54)/(-15))/((-6)/(-20)).
10
Suppose -6*b + 22 = -8. Let k = -21 + 34. What is the remainder when k is divided by b?
3
Suppose 5*l = -5, -3*q = -7*q + 4*l + 20. Calculate the remainder when q is divided by 1.
0
Suppose 0 = 4*j + j - 20. Suppose 3*i = -j*t + 203, 0*t = t + 3*i - 62. What is the remainder when t is divided by 16?
15
Let c(k) = -k + 6. What is the remainder when 18/(-12) - 13/(-2) is divided by c(3)?
2
Let v(m) = 92*m**3 + m. Suppose -7*l + 2 = -5*l. What is the remainder when v(l) is divided by 19?
17
Let o(t) = t**2 - 5. What is the remainder when o(8) is divided by 15?
14
Suppose -6*t + 60 = -2*t. What is the remainder when 43 is divided by t?
13
Suppose -4*u + 36 = 12. Calculate the remainder when u is divided by 2.
0
Let s be 4/(-22) - (-134)/11. What is the remainder when s*-2*(-2 - -1) is divided by 13?
11
Let n(u) = u**3 + u**2 - u + 23. What is the remainder when n(0) is divided by 13?
10
Let o = -3 - -32. Calculate the remainder when o is divided by 12/48 + 39/4.
9
Let o = -6 + 5. Let m(n) = 8*n**2 - 2*n - 1. Calculate the remainder when m(o) is divided by 5.
4
Suppose -5 = o, -2*p - 9 = 8*o - 3*o. Let f = p + 73. Calculate the remainder when f is divided by 28.
25
Suppose -7*d + 3*d = -3*q + 149, 254 = 5*q - d. Calculate the remainder when 98 is divided by q.
47
Let u(c) = 12*c - 23. Calculate the remainder when u(14) is divided by 37.
34
Suppose -y - 8 = -2. Calculate the remainder when 33 is divided by y*(-2 - 1/(-2)).
6
Calculate the remainder when 24 is divided by (-5)/(-1) + 4/1.
6
Let p(s) = -5*s - 76. What is the remainder when 28 is divided by p(-16)?
0
Calculate the remainder when 190 is divided by (-5 + 10)*36/15.
10
Suppose -10 - 3 = 5*k + l, 9 = -k + 3*l. Let d(u) = 0*u - u + 1 + 3 - u. What is the remainder when d(k) is divided by 3?
1
Let l(d) = -3*d**3 + 7*d**2 + 14*d + 1. Let s(j) = -j**3 + 2*j**2 + 5*j. Let c(f) = -3*l(f) + 8*s(f). Calculate the remainder when c(6) is divided by 8.
5
Suppose -4*y = -8*y + 28. Calculate the remainder when 19 is divided by (-5 - -4)*(2 - y).
4
Let m = -61 - -74. Suppose -3*v = 4*a - 133, -4*v = 19 + 1. What is the remainder when a is divided by m?
11
Suppose -13*k = -19*k + 66. What is the remainder when 40 is divided by k?
7
Let o = -84 + 52. Let q be o/12 - 2/6. What is the remainder when 13 is divided by (q/6)/((-2)/20)?
3
Let d = 0 + 2. Suppose 2*l = 3*t - 15 + 144, 0 = -5*l - d*t + 294. Suppose 0 = 4*i + i - l. What is the remainder when 23 is divided by i?
11
Let o = -8 - -8. Suppose j + 5*h = -o*j - 15, -3*j = -h - 19. Suppose -2*p = 0, -10 - 3 = -n - 3*p. What is the remainder when n is divided by j?
3
Suppose 4*o + 4*i - 4 = 0, 7 = 4*i + 3. Suppose o = -3*x + 56 + 4. Suppose 3*s = k + 4 - 26, 0 = 5*k + 3*s - x. What is the remainder when 20 is divided by k?
6
Let i(u) = u**3 + 7*u**2 - 9*u - 10. Let k be i(-8). Suppose 4*p - 3*w + 27 = 77, -2*p + 20 = w. Let n = p - k. What is the remainder when n is divided by 7?
6
Suppose -99 = -c - 2*c. What is the remainder when c is divided by 6?
3
Let s be ((-111)/(-5))/(7/35). What is the remainder when 34 is divided by s/12 + 1/(-4)?
7
Let k(n) = -2 + 3*n + 0 - 1. Let w be k(2). Suppose 5*h = w*h + 22. What is the remainder when h is divided by 6?
5
Let w = -189 + 345. Let y = w - 93. Calculate the remainder when y is divided by 16.
15
Suppose 20 = p + 3*p. Let v(n) = n - 1. Let s be v(p). Suppose -5*d + 3*w + 38 = 0, s*d - 41 = -2*w - 15. What is the remainder when 27 is divided by d?
6
Let s be -2*((-2)/4)/(-1). Let z be ((-1)/s)/((-1)/(-3)). Suppose -z*t = 3*p - 21, -5*t + t = -2*p - 28. What is the remainder when 20 is divided by t?
6
Let m = 0 + 26. Let q = 49 - m. What is the remainder when 66 is divided by q?
20
Let w = -15 - -19. Calculate the remainder when 11 is divided by w.
3
Let r(w) be the first derivative of w**2 - 2*w - 1. Let k be r(3). Suppose 0 = 2*t - k*t + 36. Calculate the remainder when t is divided by 10.
8
Let h(o) = o**2 - 2*o - 5. Let i be h(4). Let g = i - 1. Suppose -g*d = 4*c - d - 55, -4*d = c - 25. Calculate the remainder when 38 is divided by c.
12
Let n(d) = -d**3 - 4*d + 2. Let a be n(-4). Let h = a + -32. Calculate the remainder when h is divided by 34*(-1)/2*-1.
16
Suppose 2*y = -20 + 32. Calculate the remainder when 34 is divided by y.
4
Let p(z) = 8*z**2 + 4*z - 10. Let j(r) = 7*r**2 + 5*r - 10. Let t(f) = 6*j(f) - 5*p(f). What is the remainder when t(-8) is divided by (-31 - -1)/(3/(-2))?
18
Let y = 175 - 98. Calculate the remainder when y is divided by 26.
25
Let n = -4 - -29. Let s = 44 + -31. Calculate the remainder when n is divided by s.
12
Let k(h) = h**3 - 18*h**2 + 19*h - 24. Calculate the remainder when 39 is divided by k(17).
9
Suppose 2*y + 7 = 1. Let x(v) = -v**3 - 3*v**2 - 2*v - 1. Suppose -6*l + 3 = -5*l. What is the remainder when x(y) is divided by l?
2
Let n = 5 + -5. Suppose n = 2*o + 2*o - 136. Calculate the remainder when o is divided by 9.
7
Suppose 2*g - 44 = -2*s, 4*s + 3*g + 27 = 113. What is the remainder when s is divided by 11?
9
Let b(s) = 13*s**3 - 1. Let k be b(-1). Suppose n = -i - 2 - 1, -4*i + 2 = -3*n. Calculate the remainder when n*1 + (-3 - k) is divided by 5.
4
Let r be 1*(1 - -6)/(-1). Let p = 7 + r. Suppose b = -x + 13, 4*x +